{"id":1677,"date":"2025-03-29T01:09:28","date_gmt":"2025-03-29T00:09:28","guid":{"rendered":"https:\/\/pianosintot.fr\/?page_id=1677"},"modified":"2026-04-13T14:59:47","modified_gmt":"2026-04-13T12:59:47","slug":"le-piano","status":"publish","type":"page","link":"https:\/\/pianosintot.fr\/le-piano\/","title":{"rendered":"Le Piano"},"content":{"rendered":"\t\t<div data-elementor-type=\"wp-page\" data-elementor-id=\"1677\" class=\"elementor elementor-1677\">\n\t\t\t\t<div class=\"elementor-element elementor-element-c8b3f05 e-flex e-con-boxed e-con e-parent\" data-id=\"c8b3f05\" data-element_type=\"container\" data-settings=\"{&quot;content_width&quot;:&quot;boxed&quot;}\" data-core-v316-plus=\"true\">\n\t\t\t\t\t<div class=\"e-con-inner\">\n\t\t\t\t<div class=\"elementor-element elementor-element-07fd55f elementor-widget elementor-widget-image\" data-id=\"07fd55f\" data-element_type=\"widget\" data-widget_type=\"image.default\">\n\t\t\t\t<div class=\"elementor-widget-container\">\n\t\t\t<style>\/*! elementor - v3.19.0 - 05-02-2024 *\/\n.elementor-widget-image{text-align:center}.elementor-widget-image a{display:inline-block}.elementor-widget-image a img[src$=\".svg\"]{width:48px}.elementor-widget-image img{vertical-align:middle;display:inline-block}<\/style>\t\t\t\t\t\t\t\t\t\t<img fetchpriority=\"high\" decoding=\"async\" width=\"1024\" height=\"768\" src=\"https:\/\/pianosintot.fr\/wp-content\/uploads\/2025\/03\/pianopianipiano.jpg\" class=\"attachment-large size-large wp-image-1679\" alt=\"\" srcset=\"https:\/\/pianosintot.fr\/wp-content\/uploads\/2025\/03\/pianopianipiano.jpg 1024w, https:\/\/pianosintot.fr\/wp-content\/uploads\/2025\/03\/pianopianipiano-300x225.jpg 300w, https:\/\/pianosintot.fr\/wp-content\/uploads\/2025\/03\/pianopianipiano-768x576.jpg 768w\" sizes=\"(max-width: 1024px) 100vw, 1024px\" \/>\t\t\t\t\t\t\t\t\t\t\t\t\t<\/div>\n\t\t\t\t<\/div>\n\t\t\t\t<div class=\"elementor-element elementor-element-2d73bc0 elementor-widget elementor-widget-text-editor\" data-id=\"2d73bc0\" data-element_type=\"widget\" data-widget_type=\"text-editor.default\">\n\t\t\t\t<div class=\"elementor-widget-container\">\n\t\t\t<style>\/*! elementor - v3.19.0 - 05-02-2024 *\/\n.elementor-widget-text-editor.elementor-drop-cap-view-stacked .elementor-drop-cap{background-color:#69727d;color:#fff}.elementor-widget-text-editor.elementor-drop-cap-view-framed .elementor-drop-cap{color:#69727d;border:3px solid;background-color:transparent}.elementor-widget-text-editor:not(.elementor-drop-cap-view-default) .elementor-drop-cap{margin-top:8px}.elementor-widget-text-editor:not(.elementor-drop-cap-view-default) .elementor-drop-cap-letter{width:1em;height:1em}.elementor-widget-text-editor .elementor-drop-cap{float:left;text-align:center;line-height:1;font-size:50px}.elementor-widget-text-editor .elementor-drop-cap-letter{display:inline-block}<\/style>\t\t\t\t<h3><strong>Histoire du piano : De ses origines \u00e0 son \u00e9volution moderne<\/strong><\/h3><p>Le piano est l&rsquo;un des instruments de musique les plus populaires et les plus polyvalents au monde. Il a une histoire riche et fascinante qui remonte \u00e0 plusieurs si\u00e8cles. L&rsquo;instrument que nous connaissons aujourd&rsquo;hui a subi de nombreuses transformations, de ses d\u00e9buts modestes \u00e0 sa forme actuelle, capable de couvrir un large \u00e9ventail de genres musicaux. Voici un aper\u00e7u de l&rsquo;\u00e9volution du piano.<\/p><hr \/><h3><strong>Les premi\u00e8res racines : L&rsquo;anc\u00eatre du piano<\/strong><\/h3><p>Le piano trouve ses racines dans des instruments anciens comme le <strong>clavicorde<\/strong> et le <strong>clavecin<\/strong>. Ces instruments \u00e0 cordes pinc\u00e9es ont \u00e9t\u00e9 utilis\u00e9s durant les si\u00e8cles de la Renaissance, mais leur sonorit\u00e9 et leur expressivit\u00e9 \u00e9taient limit\u00e9es.<\/p><ul><li><p><strong>Le clavecin<\/strong> : Invent\u00e9 au XVIe si\u00e8cle, le clavecin \u00e9tait un instrument \u00e0 cordes pinc\u00e9es o\u00f9 les touches, lorsqu&rsquo;elles \u00e9taient enfonc\u00e9es, faisaient vibrer les cordes par un m\u00e9canisme de pincement. Bien que tr\u00e8s populaire \u00e0 la cour des rois et des aristocrates, il manquait de dynamique, c\u2019est-\u00e0-dire de variation de volume en fonction de la force exerc\u00e9e sur les touches.<\/p><\/li><li><p><strong>Le clavicorde<\/strong> : Plus discret, il permettait une certaine expressivit\u00e9 gr\u00e2ce \u00e0 sa capacit\u00e9 \u00e0 moduler le volume et \u00e0 produire des inflexions de ton. Cependant, il ne disposait pas de la puissance n\u00e9cessaire pour se faire entendre dans de grandes salles de concert.<\/p><\/li><\/ul><hr \/><h3><strong>L&rsquo;invention du piano : Le \u00ab gravicembalo col piano e forte \u00bb<\/strong><\/h3><p>L&rsquo;histoire du piano commence v\u00e9ritablement au d\u00e9but du <strong>18e si\u00e8cle<\/strong> avec <strong>Bartolomeo Cristofori<\/strong>, un fabricant d&rsquo;instruments italien, consid\u00e9r\u00e9 comme le p\u00e8re du piano. En 1709, Cristofori inventa un instrument appel\u00e9 le <strong>\u00ab\u00a0gravicembalo col piano e forte\u00a0\u00bb<\/strong>, ce qui signifie \u00ab\u00a0clavecin avec doux et fort\u00a0\u00bb. Ce nom faisait r\u00e9f\u00e9rence \u00e0 la capacit\u00e9 de l&rsquo;instrument \u00e0 produire des sons \u00e0 la fois doux (piano) et forts (forte) en fonction de l&rsquo;intensit\u00e9 de la frappe des touches, une caract\u00e9ristique in\u00e9dite par rapport aux instruments ant\u00e9rieurs.<\/p><p>Cristofori avait imagin\u00e9 un m\u00e9canisme nouveau : les touches \u00e9taient reli\u00e9es \u00e0 des marteaux qui frappaient les cordes au lieu de les pincer (comme dans le clavecin) ou de les gratter (comme dans le clavicorde). Cela permettait de moduler la force du son selon l&rsquo;intensit\u00e9 avec laquelle la touche \u00e9tait enfonc\u00e9e, r\u00e9volutionnant ainsi la mani\u00e8re dont les musiciens pouvaient jouer.<\/p><p>Cependant, le piano de Cristofori restait assez rudimentaire compar\u00e9 \u00e0 celui que nous connaissons aujourd&rsquo;hui, et son invention n&rsquo;a pas eu imm\u00e9diatement un grand impact.<\/p><hr \/><h3><strong>Le d\u00e9veloppement du piano au 18e si\u00e8cle<\/strong><\/h3><p>Au cours du <strong>18e si\u00e8cle<\/strong>, l&rsquo;instrument se perfectionne gr\u00e2ce \u00e0 des am\u00e9liorations apport\u00e9es par d&rsquo;autres facteurs et artisans, notamment <strong>Johann Andreas Stein<\/strong> en Allemagne et <strong>Sebastiano Bacelli<\/strong> en Italie. Ces am\u00e9liorations incluaient des am\u00e9liorations du m\u00e9canisme des marteaux et de la structure des cordes, ce qui offrait un son plus puissant et plus riche.<\/p><ul><li><p><strong>Le piano-forte<\/strong> : Au fur et \u00e0 mesure que la fabrication des pianos se d\u00e9veloppait, les instruments devenaient plus puissants et plus expressifs. La <strong>p\u00e9dale de sustain<\/strong> (ou p\u00e9dale \u00ab\u00a0forte\u00a0\u00bb) a \u00e9t\u00e9 introduite, permettant de maintenir le son des notes apr\u00e8s qu&rsquo;elles aient \u00e9t\u00e9 rel\u00e2ch\u00e9es, une caract\u00e9ristique qui contribuait \u00e0 augmenter la richesse du son.<\/p><\/li><\/ul><h3><strong>Le piano au 19e si\u00e8cle : L&rsquo;\u00e8re romantique<\/strong><\/h3><p>Le piano entre dans son \u00e2ge d&rsquo;or au <strong>19e si\u00e8cle<\/strong>, notamment pendant la p\u00e9riode <strong>romantique<\/strong>, lorsque des compositeurs comme <strong>Ludwig van Beethoven<\/strong>, <strong>Fr\u00e9d\u00e9ric Chopin<\/strong>, <strong>Robert Schumann<\/strong>, <strong>Franz Liszt<\/strong>, et <strong>Johannes Brahms<\/strong> utilisent l&rsquo;instrument pour explorer de nouvelles sonorit\u00e9s et formes musicales.<\/p><ul><li><p><strong>La r\u00e9volution de l&rsquo;architecture du piano<\/strong> : Des innovations majeures permettent \u00e0 l\u2019instrument de produire des sonorit\u00e9s plus riches et de meilleures qualit\u00e9s acoustiques. Le cadre m\u00e9tallique (rempla\u00e7ant le bois) permet une tension plus grande des cordes, produisant des sons plus puissants et plus durables.<\/p><\/li><li><p><strong>Les grands fabricants de pianos<\/strong> : Des entreprises comme <strong>Steinway &amp; Sons<\/strong> (fond\u00e9e en 1853 \u00e0 New York), <strong>Erard<\/strong> et <strong>B\u00f6sendorfer<\/strong> contribuent au perfectionnement du piano moderne, en cr\u00e9ant des instruments plus stables, plus puissants et plus pr\u00e9cis. Le piano \u00e0 queue devient un symbole de statut et d\u2019\u00e9l\u00e9gance dans les salons aristocratiques et dans les salles de concert.<\/p><\/li><\/ul><hr \/><h3><strong>Le piano au 20e si\u00e8cle et aujourd&rsquo;hui<\/strong><\/h3><p>Au <strong>20e si\u00e8cle<\/strong>, le piano conna\u00eet une nouvelle r\u00e9volution avec l&rsquo;essor de la musique classique, mais aussi du jazz, du blues, du rock et de la musique populaire.<\/p><ul><li><p><strong>Le piano hybride<\/strong> : De nos jours, les pianos hybrides combinent les caract\u00e9ristiques acoustiques d\u2019un piano traditionnel avec les avantages d\u2019une technologie num\u00e9rique. Par exemple, des marques comme <strong>Yamaha<\/strong> et <strong>Kawai<\/strong> ont cr\u00e9\u00e9 des pianos qui offrent une exp\u00e9rience de jeu similaire \u00e0 celle des pianos \u00e0 queue, tout en \u00e9tant \u00e9quip\u00e9s de sons num\u00e9riques et de fonctions de silence pour les performances \u00e0 domicile.<\/p><\/li><\/ul><hr \/><h3><strong>En conclusion<\/strong><\/h3><p>L\u2019histoire du piano est une histoire de <strong>r\u00e9volution technologique<\/strong> et de <strong>cr\u00e9ation musicale<\/strong>. De l\u2019invention du piano-forte par Cristofori aux d\u00e9veloppements modernes des pianos num\u00e9riques et hybrides, l&rsquo;instrument a travers\u00e9 plusieurs si\u00e8cles d&rsquo;innovations. Gr\u00e2ce \u00e0 sa grande expressivit\u00e9, il continue d\u2019inspirer des compositeurs et musiciens du monde entier, et reste un pilier incontournable dans l&rsquo;histoire de la musique classique et moderne.<\/p>\t\t\t\t\t\t<\/div>\n\t\t\t\t<\/div>\n\t\t\t\t\t<\/div>\n\t\t\t\t<\/div>\n\t\t\t\t<\/div>\n\t\t","protected":false},"excerpt":{"rendered":"<p>Histoire du piano : De ses origines \u00e0 son \u00e9volution moderne Le piano est l&rsquo;un des instruments de musique les plus populaires et les plus polyvalents au monde. Il a une histoire riche et fascinante qui remonte \u00e0 plusieurs si\u00e8cles. L&rsquo;instrument que nous connaissons aujourd&rsquo;hui a subi de nombreuses transformations, de ses d\u00e9buts modestes \u00e0 [&hellip;]<\/p>\n","protected":false},"author":1,"featured_media":0,"parent":0,"menu_order":0,"comment_status":"closed","ping_status":"closed","template":"","meta":{"footnotes":""},"class_list":["post-1677","page","type-page","status-publish","hentry","entry"],"_links":{"self":[{"href":"https:\/\/pianosintot.fr\/wp-json\/wp\/v2\/pages\/1677","targetHints":{"allow":["GET"]}}],"collection":[{"href":"https:\/\/pianosintot.fr\/wp-json\/wp\/v2\/pages"}],"about":[{"href":"https:\/\/pianosintot.fr\/wp-json\/wp\/v2\/types\/page"}],"author":[{"embeddable":true,"href":"https:\/\/pianosintot.fr\/wp-json\/wp\/v2\/users\/1"}],"replies":[{"embeddable":true,"href":"https:\/\/pianosintot.fr\/wp-json\/wp\/v2\/comments?post=1677"}],"version-history":[{"count":16,"href":"https:\/\/pianosintot.fr\/wp-json\/wp\/v2\/pages\/1677\/revisions"}],"predecessor-version":[{"id":1839,"href":"https:\/\/pianosintot.fr\/wp-json\/wp\/v2\/pages\/1677\/revisions\/1839"}],"wp:attachment":[{"href":"https:\/\/pianosintot.fr\/wp-json\/wp\/v2\/media?parent=1677"}],"curies":[{"name":"wp","href":"https:\/\/api.w.org\/{rel}","templated":true}]}}